s the greatest common factor of 3632 and 35190448?
3632
What is the greatest common divisor of 348 and 102089860?
116
What is the highest common divisor of 39074672 and 56784?
1456
Calculate the highest common factor of 682969 and 38227.
301
What is the greatest common divisor of 50236620 and 105?
105
Calculate the highest common factor of 752 and 825614032.
752
What is the greatest common divisor of 152 and 5759302800?
152
Calculate the greatest common divisor of 504 and 28280560.
56
What is the highest common factor of 9138342 and 1602?
534
Calculate the greatest common factor of 839241 and 19487.
13
Calculate the highest common factor of 4464 and 1017542016.
4464
What is the greatest common factor of 84766279 and 13?
13
Calculate the greatest common factor of 2404995 and 1357.
23
Calculate the highest common factor of 16 and 538947432.
8
What is the highest common divisor of 19855075 and 25?
25
What is the greatest common factor of 135 and 1876615?
5
What is the greatest common factor of 21562038 and 18537?
501
Calculate the highest common divisor of 10234350 and 8664.
2166
Calculate the highest common factor of 17024432 and 16.
16
Calculate the highest common divisor of 1295103 and 681975.
1299
Calculate the greatest common divisor of 2238 and 232230.
6
What is the highest common factor of 91760 and 28566035?
5735
Calculate the greatest common divisor of 7111918 and 8954.
814
Calculate the greatest common divisor of 541545 and 525.
15
What is the greatest common factor of 1331 and 39108773?
1331
Calculate the greatest common factor of 27300 and 19404.
84
Calculate the highest common divisor of 55200 and 9353184.
96
What is the greatest common factor of 20877174 and 180?
18
What is the greatest common factor of 1 and 1155845?
1
What is the highest common factor of 321905907 and 9315?
1863
What is the greatest common factor of 3508340 and 264?
44
Calculate the greatest common factor of 5 and 8819605.
5
What is the highest common divisor of 5 and 161465530?
5
What is the highest common factor of 19888425 and 85?
5
Calculate the greatest common factor of 8 and 69529316.
4
Calculate the greatest common divisor of 215 and 83801195.
215
Calculate the highest common divisor of 62180 and 940.
20
Calculate the highest common divisor of 7916796 and 324.
36
Calculate the greatest common divisor of 2612 and 2804.
4
What is the greatest common divisor of 592724 and 407?
11
What is the greatest common factor of 372 and 1189548?
12
What is the greatest common factor of 18116 and 566608?
28
Calculate the highest common factor of 100500 and 760785.
1005
What is the greatest common factor of 26040 and 1056945?
465
Calculate the highest common divisor of 436864909 and 26.
13
What is the highest common divisor of 2 and 38627976?
2
What is the highest common divisor of 4032 and 1930176?
576
What is the highest common divisor of 118849117 and 4271?
4271
What is the greatest common divisor of 264891 and 11927773?
3839
What is the greatest common divisor of 3814538 and 3962?
14
Calculate the highest common factor of 18720 and 827856.
144
Calculate the greatest common divisor of 21318034 and 923.
71
What is the highest common divisor of 104 and 20828509?
13
What is the highest common divisor of 131230 and 2970?
110
What is the greatest common divisor of 1342392 and 498?
6
What is the greatest common divisor of 24183016 and 2?
2
Calculate the greatest common factor of 959 and 4646474.
7
Calculate the highest common factor of 21404928 and 752.
752
What is the highest common divisor of 2718 and 8718438?
906
What is the highest common divisor of 2197 and 342017?
13
Calculate the greatest common divisor of 348025185 and 1140.
285
Calculate the highest common divisor of 180 and 667940.
20
What is the highest common factor of 4 and 252440332?
4
Calculate the greatest common divisor of 5772782 and 3110.
622
Calculate the greatest common divisor of 228 and 99474196.
76
Calculate the highest common divisor of 116543 and 3101.
7
What is the highest common divisor of 640 and 5344440?
40
Calculate the greatest common factor of 81003 and 9723.
3
What is the highest common divisor of 930380 and 16478?
22
What is the highest common divisor of 22661068 and 26877?
289
What is the greatest common divisor of 69550 and 177941?
107
What is the greatest common divisor of 308098365 and 1668?
417
Calculate the highest common divisor of 33178803 and 16968.
2121
What is the greatest common divisor of 6 and 171018534?
6
Calculate the greatest common factor of 163279 and 623872.
2437
Calculate the greatest common factor of 7353 and 17973183.
2451
Calculate the greatest common divisor of 6384528 and 3888.
432
Calculate the highest common divisor of 8127 and 12090267.
2709
What is the greatest common factor of 2772145 and 12665?
745
Calculate the greatest common divisor of 80 and 181826640.
80
Calculate the greatest common factor of 3562 and 3218.
2
What is the greatest common factor of 1203833250 and 1875?
375
Calculate the highest common factor of 73547790 and 690.
690
What is the highest common divisor of 89222928 and 17072?
1552
Calculate the greatest common factor of 78754421 and 272.
17
Calculate the highest common factor of 4117126 and 26.
26
Calculate the highest common factor of 460 and 20837724.
92
Calculate the greatest common factor of 7100 and 170116.
284
What is the highest common factor of 21639664 and 443?
443
Calculate the greatest common factor of 3036 and 357972.
276
What is the highest common divisor of 524588 and 139946?
838
What is the highest common factor of 88536 and 15978?
6
What is the greatest common divisor of 46991 and 4550?
7
Calculate the greatest common divisor of 738612 and 54180.
252
Calculate the greatest common divisor of 22418 and 123354.
22
Calculate the greatest common divisor of 27593265 and 8559.
951
Calculate the greatest common factor of 4601637918 and 54.
54
Calculate the greatest common divisor of 9552 and 305436.
12
What is the highest common factor of 49726 and 790648?
46
What is the greatest common factor of 1308131 and 361?
19
Calculate the highest common divisor of 1360660 and 154.
14
What is the greatest common factor of 11029454 and 145?
29
Calculate the greatest common factor of 99237 and 65909037.
5223
What is the highest common factor of 76 and 3562747?
19
What is the highest common factor of 167537751 and 282?
141
What is the greatest common factor of 24752 and 4497584?
1456
Calculate the greatest common divisor of 78 and 5482581.
39
What is the greatest common divisor of 734367 and 20445203?
10643
What is the highest common divisor of 346917 and 365829?
591
Calculate the highest common divisor of 11117673 and 2763.
9
Calculate the highest common factor of 18568287 and 3069.
279
Calculate the highest common factor of 200 and 105352.
8
What is the greatest common divisor of 441 and 686043?
9
Calculate the greatest common factor of 32932966 and 88.
22
What is the greatest common divisor of 16834 and 16071154?
886
What is the greatest common divisor of 1221 and 24198999?
1221
Calculate the greatest common divisor of 11459130 and 7950.
1590
Calculate the highest common factor of 4294 and 63961277.
2147
What is the highest common divisor of 10175 and 8581650?
275
What is the highest common factor of 25 and 12064015?
5
What is the highest common factor of 3063740 and 4420?
340
Calculate the highest common factor of 2721964 and 224.
28
What is the greatest common factor of 2493832 and 903584?
1496
What is the highest common divisor of 3502850 and 425?
425
What is the greatest common factor of 16964448 and 5280?
96
Calculate the highest common divisor of 36414 and 9520.
238
What is the greatest common factor of 399628370 and 18220?
9110
What is the greatest common divisor of 20267 and 1625?
13
Calculate the highest common divisor of 7328329 and 377.
29
What is the greatest common divisor of 32352705 and 1785?
105
What is the greatest common factor of 538 and 224381508?
538
Calculate the greatest common factor of 1011295 and 1932085.
3935
What is the highest common factor of 55787798 and 33?
11
What is the greatest common factor of 204234493 and 9385?
1877
What is the greatest common divisor of 17 and 76207?
1
Calculate the greatest common div